{"id":991,"date":"2020-05-26T01:11:40","date_gmt":"2020-05-25T23:11:40","guid":{"rendered":"http:\/\/dystintodanza.com\/?page_id=991"},"modified":"2020-05-26T01:11:40","modified_gmt":"2020-05-25T23:11:40","slug":"bailes-de-salon","status":"publish","type":"page","link":"https:\/\/dystintodanza.com\/nuevaweb\/bailes-de-salon\/","title":{"rendered":"bailes de sal\u00f3n"},"content":{"rendered":"\n<div class=\"wp-block-cover alignfull has-background-dim-20 has-background-dim\" style=\"background-image:url('https:\/\/dystintodanza.com\/nuevaweb\/wp-content\/uploads\/2020\/05\/img-bailes-de-salon-sola.jpg');\"><div class=\"wp-block-cover__inner-container is-layout-flow wp-block-cover-is-layout-flow\">\n<h1 class=\"has-text-align-center wp-block-heading\">En la variedad esta el gusto. Para los amantes del baile en pareja.<\/h1>\n<\/div><\/div>\n\n\n\n<h2 class=\"wp-block-heading\">\u00bfQue son los bailes de sal\u00f3n?<\/h2>\n\n\n\n<p>Los bailes de sal\u00f3n abarcan muchos estilos de baile,  pero a <em>grosso modo<\/em> podemos dividirlo en dos bloques, <strong>bailes latinos<\/strong> y <strong>bailes standard<\/strong>, cada profesor seg\u00fan sus gustos y preferencias se decanta por unos bailes u otros.<\/p>\n\n\n\n<p>Son <strong>bailes en pareja<\/strong> pero por lo general no es necesario ir con otra persona a la clase, pues se suelen equilibrar la proporci\u00f3n de hombres y mujeres (lo mejor siempre es consultar con el profesor previamente). Incorrectamente se  suele asociar los bailes de sal\u00f3n a personas mayores, pero en realidad es practicado por personas de todas las edades, aunque bien es cierto que le p\u00fablico general de estas clases en su mayor\u00eda va de los 60 a\u00f1os para arriba.<\/p>\n\n\n\n<p>El baile de sal\u00f3n se puede bailar tanto en <strong>social<\/strong> (en clases y salas de baile) o bien en competici\u00f3n, lo que se conoce como <strong>baile deportivo<\/strong>, con diferencias en la forma de ejecutar pasos y con una exigencia t\u00e9cnica mucho m\u00e1s elevada.<\/p>\n\n\n\n<h4 class=\"wp-block-heading\">Estilos de los bailes de sal\u00f3n<\/h4>\n\n\n\n<p>Estos son algunos de los bailes que puedes aprender en una clase de bailes de sal\u00f3n: Rumba, Salsa, Bolero, Cha-Cha-Ch\u00e1, , Hustle, Mambo, Son Cubano, Merengue, Pasodoble, Rock and Roll, Bachata, Fox-Trot, Swing, variaci\u00f3n de Swing, Tango argentino, Milonga, Peric\u00f3n, Vals ingl\u00e9s, Vals vienes.<\/p>\n\n\n\n<div class=\"wp-block-image\"><figure class=\"aligncenter size-large\"><img loading=\"lazy\" decoding=\"async\" width=\"1880\" height=\"1253\" src=\"https:\/\/dystintodanza.com\/nuevaweb\/wp-content\/uploads\/2020\/05\/pexels-photo-2188012.jpeg?w=1024\" alt=\"Pareja bailando tango\" class=\"wp-image-998\" srcset=\"https:\/\/dystintodanza.com\/nuevaweb\/wp-content\/uploads\/2020\/05\/pexels-photo-2188012.jpeg 1880w, https:\/\/dystintodanza.com\/nuevaweb\/wp-content\/uploads\/2020\/05\/pexels-photo-2188012-300x200.jpeg 300w, https:\/\/dystintodanza.com\/nuevaweb\/wp-content\/uploads\/2020\/05\/pexels-photo-2188012-1024x682.jpeg 1024w, https:\/\/dystintodanza.com\/nuevaweb\/wp-content\/uploads\/2020\/05\/pexels-photo-2188012-768x512.jpeg 768w, https:\/\/dystintodanza.com\/nuevaweb\/wp-content\/uploads\/2020\/05\/pexels-photo-2188012-1536x1024.jpeg 1536w, https:\/\/dystintodanza.com\/nuevaweb\/wp-content\/uploads\/2020\/05\/pexels-photo-2188012-1568x1045.jpeg 1568w\" sizes=\"auto, (max-width: 1880px) 100vw, 1880px\" \/><figcaption> Pareja bailando tango &#8211; Photo by Marko Zirdum on <a rel=\"nofollow\" href=\"https:\/\/www.pexels.com\/es-es\/foto\/actuacion-bailando-bailar-bailarines-2188012\/\">Pexels.com<\/a> <\/figcaption><\/figure><\/div>\n\n\n\n<h2 class=\"wp-block-heading\">\u00bfQu\u00e9 vas a aprender?<\/h2>\n\n\n\n<p>El objetivo principal de las clases de baile de sal\u00f3n es que el alumno aprenda a bailar y a diferenciar f\u00e1cilmente cualquier estilo , interpretando y disfrutando con la m\u00fasica, y haciendo que desarrollen sus habilidades sociales y conozcan nuevas personas con cosas en com\u00fan.<\/p>\n\n\n\n<p>Tambi\u00e9n aprender\u00e1s a ser conscientes del&nbsp;<strong>espacio<\/strong> y a saber utilizarlo, mejorar\u00e1s t\u00fa <strong>posici\u00f3n corporal<\/strong> y ver\u00e1s <strong>t\u00e9cnicas de guiado y conducci\u00f3n<\/strong>&nbsp;con t\u00fa pareja, y como ya hemos comentado anteriormente, diferenciar\u00e1s con el tiempo los diferentes ritmos y&nbsp;cadencias en la m\u00fasica&nbsp;(<strong>musicalidad<\/strong>).<\/p>\n\n\n\n<p>Una clase de sal\u00f3n siempre depender\u00e1 en gran medida del profesor, que intentar\u00e1 que se amena. did\u00e1ctica, divertida y motivadora, aunque gran parte del ritmo y din\u00e1mica de aprendizaje depender\u00e1 del grupo. Trabajar\u00e1s tanto en <strong> individual como de pareja<\/strong>, desarrollando destrezas motrices y de equilibrio, control de tu cuerpo y finalmente conseguir\u00e1s mejorar enormemente tu autoestima y tus habilidades sociales.<\/p>\n\n\n\n<hr class=\"wp-block-separator\" \/>\n\n\n\n<div style=\"height:16px;\" aria-hidden=\"true\" class=\"wp-block-spacer desktop-only\"><\/div>\n\n\n\n\n\n<div style=\"height:16px;\" aria-hidden=\"true\" class=\"wp-block-spacer desktop-only\"><\/div>\n\n\n\n<hr class=\"wp-block-separator is-style-wide\" \/>\n\n\n\n<div style=\"height:16px;\" aria-hidden=\"true\" class=\"wp-block-spacer desktop-only\"><\/div>\n\n\n\n<h3 class=\"has-text-align-left wp-block-heading\">Sigue mi blog<\/h3>\n\n\n\n<p class=\"has-text-align-left\">Recibe nuevo contenido directamente en tu bandeja de entrada.<\/p>\n\n\n\n<div class=\"wp-block-jetpack-subscriptions\">[jetpack_subscription_form show_only_email_and_button=\u00bbtrue\u00bb custom_background_button_color=\u00bbundefined\u00bb custom_text_button_color=\u00bbundefined\u00bb submit_button_text=\u00bbSuscribir\u00bb submit_button_classes=\u00bbundefined\u00bb show_subscribers_total=\u00bbfalse\u00bb ]<\/div>\n","protected":false},"excerpt":{"rendered":"<p>Qu\u00e9 son los bailes de sal\u00f3n, estilos, como y donde aprender a bailarlos.<\/p>\n","protected":false},"author":1,"featured_media":0,"parent":0,"menu_order":0,"comment_status":"closed","ping_status":"closed","template":"","meta":{"footnotes":""},"class_list":["post-991","page","type-page","status-publish","hentry"],"_links":{"self":[{"href":"https:\/\/dystintodanza.com\/nuevaweb\/wp-json\/wp\/v2\/pages\/991","targetHints":{"allow":["GET"]}}],"collection":[{"href":"https:\/\/dystintodanza.com\/nuevaweb\/wp-json\/wp\/v2\/pages"}],"about":[{"href":"https:\/\/dystintodanza.com\/nuevaweb\/wp-json\/wp\/v2\/types\/page"}],"author":[{"embeddable":true,"href":"https:\/\/dystintodanza.com\/nuevaweb\/wp-json\/wp\/v2\/users\/1"}],"replies":[{"embeddable":true,"href":"https:\/\/dystintodanza.com\/nuevaweb\/wp-json\/wp\/v2\/comments?post=991"}],"version-history":[{"count":0,"href":"https:\/\/dystintodanza.com\/nuevaweb\/wp-json\/wp\/v2\/pages\/991\/revisions"}],"wp:attachment":[{"href":"https:\/\/dystintodanza.com\/nuevaweb\/wp-json\/wp\/v2\/media?parent=991"}],"curies":[{"name":"wp","href":"https:\/\/api.w.org\/{rel}","templated":true}]}}